10)). Let f be (-9)/6*(-4)/r. Calculate w(f).
0
Let k(v) = 1. Let g(m) = m - 4. Let d(p) = g(p) + 2*k(p). Calculate d(4).
2
Let h(a) be the second derivative of a**3/6 + 2*a**2 - 19*a. What is h(0)?
4
Suppose 2*o - 4 = -4*w, o = -3*w + 5*w - 2. Let s be (-4 + 0)*3/(-4). Let j(u) = 1 - s*u - u**2 + u - 4*u**2. Calculate j(w).
-6
Suppose -3*r = 2*r - 40. Suppose 2*s = 2 + r. Suppose 0 = -4*n - 1 + s. Let h(m) = -3*m + 1. Calculate h(n).
-2
Let d(t) = t**3 - 6*t**2 + 2*t - 2. Let w = 58 + -53. Calculate d(w).
-17
Let o = 169/3 + -55. Let a(n) be the first derivative of -n - o*n**3 + n**2 + 2 - 1/4*n**4. Determine a(-4).
-9
Let b(c) = -5*c**3 + c. Let m be 11/88 - (-14)/16. Give b(m).
-4
Let f(q) be the third derivative of 5*q**4/24 + q**3 - 17*q**2. Give f(-4).
-14
Let a(l) = -14*l - 12*l - 2 - 10*l + 33*l + l**2. Give a(4).
2
Let n(y) = -y + 1. Let d = -17 - -1. Let v be (-4)/d + (-14)/(-8). What is n(v)?
-1
Let g(u) = -u**3 - 3*u**2 + 5*u - 5. Let a be g(-5). Suppose -5*t = z - 10*t - a, 0 = 4*t + 16. Let h(n) = n**3 + n - 6. Determine h(z).
-6
Let j be -10*(-1)/((-10)/(-4)). Suppose j = n - 0. Suppose s - n*x + 25 = 0, -3*s + 4*x - 40 = s. Let r(t) = t**3 + 6*t**2 + 6*t - 1. Determine r(s).
-6
Let g(a) = a**3 - 6*a**2 + 4*a - 1. Suppose 3*d - y - 14 + 1 = 0, 3*y + 12 = 0. Let o(f) = f**3 - 3*f**2 + 2*f - 1. Let c be o(d). Determine g(c).
-6
Let f(r) = -4*r**3 - 6*r**2 + 2*r + 2. Let y(t) = 3*t**3 + 5*t**2 - t - 1. Let s(d) = -2*f(d) - 3*y(d). Give s(-3).
2
Let s(t) be the third derivative of 0*t - 2/3*t**3 + 1/120*t**6 - 3*t**2 + 1/12*t**4 + 0 + 1/12*t**5. Determine s(-4).
4
Let i(o) be the third derivative of -o**5/15 - o**4/24 + o**3/3 + o**2. Give i(-2).
-12
Let a(f) = 2*f**3 - 6*f**2 + 7*f + 4. Let r(k) = k**3 - k**2 + k. Let o(y) = -2*y + 1. Let j be o(2). Let i(l) = j*r(l) + a(l). What is i(-4)?
4
Let k(v) = -v**2 + 23*v - 42. Let g be k(21). Let t(n) = -n**2 - n - 3. What is t(g)?
-3
Let z be (-3 - 40/(-12))*3. Let c(h) = -2*h + 1. Calculate c(z).
-1
Let b(i) = -2*i - 4. Let u(s) = -3*s - 4. Let y(h) = -4*b(h) + 3*u(h). Let w(m) = -2*m + 5*m + 6 + 7 - 4*m. Let o be w(10). What is y(o)?
1
Let u(w) = w**3 - 5*w**2 - 4. Let n be (-4 - -1)*8/(-6). Let r be 7 + (n/(-1) - -2). What is u(r)?
-4
Let j(d) = -8*d - 46. Let i(f) = -3*f - 16. Let o(m) = 11*i(m) - 4*j(m). Let h be 2 + -1*(4 + -2). Give o(h).
8
Let v(k) be the first derivative of -1/20*k**5 - 1/2*k**4 - 1/3*k**3 + 2*k + 5/2*k**2 + 2. Let n(a) be the first derivative of v(a). Calculate n(-5).
-10
Let o(h) = -h**2 - 2*h - 1. Suppose 1 = -5*w - 4. Determine o(w).
0
Let l(x) be the second derivative of 7*x**5/20 + x**4/12 + x**3/6 - x**2/2 - 4*x. Give l(1).
8
Let f(q) = -q**2 - 4*q - 6. Let x(i) = i**3 + 9*i**2 + 8*i - 5. Let n be x(-8). What is f(n)?
-11
Let n be 1 - 0 - 0/11. Let v(q) = q**2 + 7*q + n + 1 + 0*q - 3*q. Calculate v(-5).
7
Let v(a) = 2*a - 2. Let p be (-2)/(-3) - 24/36. Suppose -3*o + 6 + p = 0. Determine v(o).
2
Let p(d) = d**3 - 6*d**2 - 15*d - 6. Let s be p(8). Let g(w) = 4*w**3 - 2*w**2 - w + 2. Calculate g(s).
24
Suppose -3*s = 5*k - 15, 1 = 4*s - 3*k - 19. Let l(c) = -c**2 + 2*c + 7. Give l(s).
-8
Let q(g) = -3 + 5 + 1 + 5*g. Calculate q(3).
18
Let x(u) = u**3 - 8*u - 2*u**3 - 5*u**2 - 2 - 2*u**2. Let r(l) = -l**2 - 4*l - 9. Let h be r(-3). Determine x(h).
10
Let u(m) be the second derivative of -1/6*m**3 + 2/5*m**5 - 1/6*m**4 + 0 + 0*m**2 - m. Calculate u(-1).
-9
Let b = 4 + -1. Suppose -2*p = b*p. Let n be 3 - p - (-24)/(-3). Let t(i) = i**3 + 5*i**2 + i + 4. Calculate t(n).
-1
Let j(t) = -t**3 + 6*t**2 - 7*t + 5. Let w(f) = -f + 6. Let h be w(10). Let i be (-38)/(-8) - h/16. Determine j(i).
-5
Let q = -14 + 10. Let t(d) be the first derivative of -d**4/12 - 5*d**3/6 + d**2/2 - 2*d + 2. Let x(s) be the first derivative of t(s). Determine x(q).
5
Let m(k) = k**2 + 6*k + 6. Let p be m(-5). Let w(y) = -y - 6*y - p + 6*y. Determine w(1).
-2
Let v = 48 - 50. Let f(o) = o**3 - 3*o**2 - o + 1. What is f(v)?
-17
Let n = -49 + 44. Let r(i) = i**2 + 5*i. What is r(n)?
0
Let a(n) = 6*n**2 + n. Let c be -1*(-3 + 2 + -3). Suppose c*u = -2*w + 26, -2*u - 3*u = 2*w - 31. Suppose -u*f + 2*y = -13, -f = 2*f - 4*y - 19. Determine a(f).
7
Let a be -1*0/2 + 3. Suppose 0 = a*x - 0 + 6. Let o(m) = m**3 + m**2 + m - 2. Determine o(x).
-8
Let l(y) = -y + 8. Let q be ((-12)/7)/(18/(-63)). Suppose h + q = 2*h. Determine l(h).
2
Let i(f) = 3*f**3 - 4*f**2 - 3*f - 1. Let t(u) = 16*u**3 - 19*u**2 - 16*u - 5. Let y(q) = -11*i(q) + 2*t(q). What is y(6)?
7
Suppose 0 = j - 8*j. Let u(m) be the third derivative of 3*m**2 - 2/3*m**3 + 1/120*m**6 + j + 0*m + 1/12*m**5 - 1/24*m**4. Give u(-5).
1
Let n = 0 - -4. Let b(g) = -69*g**2 - g**3 - 5 + 4*g + 1 + 72*g**2. Give b(n).
-4
Let r(u) = -3*u - 6. Suppose 7 = -2*d - n, 3*d + 8 = -2*n - 2*n. Give r(d).
6
Let g(u) = 0 + 1 + u + 5*u. Let t(o) = 7*o + 2. Let z(q) = 6*g(q) - 5*t(q). Suppose 4*d + 14 = 2. Give z(d).
-7
Let r(j) = -3*j**2 + 2*j**3 + 2*j**2 - j**3. Suppose -101*z + 105*z - 8 = 0. What is r(z)?
4
Let o(b) = -2*b**3 + 3*b**2 + 2 - 3 + b**3. Let t = -3 - -2. Let i = t - -4. Give o(i).
-1
Let r(a) = 10*a**3 - 30*a**2 - 7*a + 7. Let b(i) = -7*i**3 + 21*i**2 + 5*i - 5. Let h(p) = 7*b(p) + 5*r(p). Suppose 6*k = 3*k + 9. Determine h(k).
0
Let g(s) = -s**3 + 8*s**2 - 8*s + 6. Let m(d) = -4*d + 3. Let v be m(-1). Calculate g(v).
-1
Let n(d) = -d**2 - 4*d + 6. Let l be n(-5). Let r(u) = l + 4*u**2 + 3*u - 4 - u**3 + 0 + 0. Let x = -1 - -5. Calculate r(x).
9
Let l(h) be the third derivative of h**8/20160 + h**7/840 + 7*h**6/720 - h**5/10 - 4*h**2. Let i(g) be the third derivative of l(g). Determine i(-5).
2
Suppose 6*n - 3*n = -3. Let u = -5 + n. Let i be 3/5 - u/15. Let k(f) = -10*f**2 + f. Calculate k(i).
-9
Let f(r) be the third derivative of r**6/120 + r**5/10 - r**3/2 + 2*r**2 - 3. Give f(-6).
-3
Suppose 22 = 5*d + 2. Let b(m) be the first derivative of 4/3*m**3 - 2 + 1/4*m**d + m + 1/2*m**2. Give b(-4).
-3
Let q(r) = r**3 + 2*r**2 - 3*r. Suppose -10*v + 10 = -5*v. What is q(v)?
10
Suppose 0 = -2*l + 3*l - 1. Let p(f) = -f**2 + f - 1. Determine p(l).
-1
Let v(t) = t**3 - 2*t**2 + t. Suppose 16*n = 20*n - 4. What is v(n)?
0
Let p(b) be the second derivative of b**6/360 - b**4/12 + b**3/6 + b. Let x(y) be the second derivative of p(y). Give x(4).
14
Let p(b) = -b**3 + 11*b**2 + 5. Let o(f) = f**2 - 2*f - 4. Let m be o(-3). Determine p(m).
5
Let n(p) = -2*p**2 - 7*p - 4. Suppose 2*a + 2 = 3*i - 0*i, 0 = -5*a - i - 22. Determine n(a).
-8
Let j(k) = -2*k. Let r(o) = -2*o**2 - 23*o - 5. Let z be r(-11). Give j(z).
-12
Let w be ((-4)/6)/((-3)/18). Let m be 8/6 - w/(-6). Suppose 0 = 2*s - q + 4, s - 5*q = m*s + 2. Let n(k) = 2*k**3 + k**2 - k + 2. What is n(s)?
-8
Let l = 24 + -16. Let n(k) = -k + 6. Determine n(l).
-2
Let g(f) = 3*f**2 + f. Let v(u) = -u - 3. Let s be v(-4). Suppose -6 = -2*a - 0. Let c be (a/(-12))/(s/(-4)). Determine g(c).
4
Suppose -3*t = 7*t. Let s(a) = a**3 - a**2 - a + 4. What is s(t)?
4
Let m = -4 - -7. Let h be m*2/6 - 6. Let t = h + 7. Let w(v) = 4*v. What is w(t)?
8
Let o(c) = -16*c - 4*c**2 - 4 + 29*c - 10*c + c**3. Give o(4).
8
Let t(i) be the third derivative of 2*i**2 + 1/3*i**3 + 0 + 0*i + 7/60*i**5 - 7/24*i**4 - 1/120*i**6. Calculate t(6).
-4
Let a be 8/20 + (-18)/(-5). Let o(q) = -a*q + 0 + 4 - q**2 - 3 + 4. Suppose -3*z - 16 = 4*c - 1, 4*z - 4*c + 20 = 0. Give o(z).
0
Let f(u) = -u**2 - 2*u + 6. Suppose -4*w = -12, -7*w + 3*w = v - 16. Let b be 1 - 1 - (v - -1). Calculate f(b).
-9
Let d(t) = 3*t**2 - 2*t + 3. Let x(z) = -2*z**2 + z - 4. Let h(p) = 3*d(p) + 4*x(p). Calculate h(5).
8
Let x(r) = -r**3 - 4*r**2 + 5*r - 2. Let p(v) = -v**2 - 6*v - 3. Let y be p(-5). Suppose 5*w + 17 = -y*d, -w - 3*w - 2*d = 12. Give x(w).
-2
Let o(w) be the first derivative of -w**5/60 + w**4/24 + 2*w**3/3 + 2*w**2 + 5. Let y(d) be the second derivative of o(d). What is y(0)?
4
Suppose -2*n + 6*n + 4*n = 0. Let p(z) = -z + 1. Let r(q) = q - 7. Let i(f) = 2*p(f) + r(f). Give i(n).
-5
Let x(o) be the second derivative of -o**4/12 - o**3/2 - 10*o. Determine x(-5).
-10
Let d(t) = t. Let h(j) = -6*j - 11. Let p(c) = -5*d(c) - h(c). Calculate p(-12).
-1
Let w(v) = 4*v - 5. Let u(s) = 7*s - 10. Let t(m) = 3*u(m) - 5*w(m). What is t(4)?
-1
Suppos